{"id":1630,"date":"2020-11-24T14:15:22","date_gmt":"2020-11-24T12:15:22","guid":{"rendered":"https:\/\/sumuusvan.fi\/design\/?post_type=product&#038;p=1630"},"modified":"2024-09-02T11:24:53","modified_gmt":"2024-09-02T08:24:53","slug":"pieni-2-reikainen-kuksa","status":"publish","type":"product","link":"https:\/\/sumuusvan.fi\/design\/tuote\/pieni-2-reikainen-kuksa\/","title":{"rendered":"Pieni 2-reik\u00e4inen kuksa"},"content":{"rendered":"<p>Aito kotimainen k\u00e4sity\u00f6n\u00e4 valmistettu k\u00e4ytt\u00f6kuksa. Kuksa on valmistettu k\u00e4sity\u00f6n\u00e4 samoin kuin jokainen kuva, niinp\u00e4 jokainen kuksa on\u00a0 t\u00e4ysin uniikki. Vaikka kuva-aihe olisikin sama, silti jokainen on omanlaisensa.<\/p>\n<p>Kuksa on aito luonnontuote ja se on valmistettu koivun pahkasta tai visakoivusta. Pienen\u00a0 kuksan tilavuus on noin 1 dl .<\/p>\n<p>Kuksan hoito-ohje: K\u00e4yt\u00f6n j\u00e4lkeen kuksa huuhdellaan pelk\u00e4ll\u00e4 vedell\u00e4 ja laitetaan kuivumaan. Ei saa k\u00e4ytt\u00e4\u00e4 pesuainetta, eik\u00e4 laittaa pesukoneeseen. \u00c4l\u00e4 j\u00e4t\u00e4 mit\u00e4\u00e4n nestett\u00e4 pidemm\u00e4ksi aikaa kuksaan, muutoin kuksa halkeaa. Oikein k\u00e4ytettyn\u00e4 kuksa palvelee vuosikymmeni\u00e4.<\/p>\n<p>Halutessasi saat kuksaan nimen, esim kahvaan tai esim p\u00e4iv\u00e4m\u00e4\u00e4r\u00e4n pohjaan. Sis\u00e4ltyy hintaan. Huomioithan, ett\u00e4 nimikoidulla kuksalla ei ole palautusoikeutta.<\/p>\n<p>Kuksa on suosittu k\u00e4ytt\u00f6esine itselle, lahjaksi, liikelahjaksi jne.<\/p>\n","protected":false},"excerpt":{"rendered":"[avaquote]\n","protected":false},"featured_media":1631,"comment_status":"open","ping_status":"closed","template":"","meta":[],"product_cat":[29],"product_tag":[],"yoast_head":"<!-- This site is optimized with the Yoast SEO plugin v20.6 - https:\/\/yoast.com\/wordpress\/plugins\/seo\/ -->\n<title>Pieni 2-reik\u00e4inen kuksa - Sumu Usvan Design<\/title>\n<meta name=\"robots\" content=\"index, follow, max-snippet:-1, max-image-preview:large, max-video-preview:-1\" \/>\n<link rel=\"canonical\" href=\"https:\/\/sumuusvan.fi\/design\/tuote\/pieni-2-reikainen-kuksa\/\" \/>\n<meta property=\"og:locale\" content=\"fi_FI\" \/>\n<meta property=\"og:type\" content=\"article\" \/>\n<meta property=\"og:title\" content=\"Pieni 2-reik\u00e4inen kuksa - Sumu Usvan Design\" \/>\n<meta property=\"og:url\" content=\"https:\/\/sumuusvan.fi\/design\/tuote\/pieni-2-reikainen-kuksa\/\" \/>\n<meta property=\"og:site_name\" content=\"Sumu Usvan Design\" \/>\n<meta property=\"article:modified_time\" content=\"2024-09-02T08:24:53+00:00\" \/>\n<meta property=\"og:image\" content=\"https:\/\/sumuusvan.fi\/design\/wp-content\/uploads\/sites\/2\/2020\/11\/Poronvasa.jpg2_.jpg\" \/>\n\t<meta property=\"og:image:width\" content=\"1280\" \/>\n\t<meta property=\"og:image:height\" content=\"1280\" \/>\n\t<meta property=\"og:image:type\" content=\"image\/jpeg\" \/>\n<meta name=\"twitter:card\" content=\"summary_large_image\" \/>\n<meta name=\"twitter:description\" content=\"[avaquote]\" \/>\n<meta name=\"twitter:label1\" content=\"Arvioitu lukuaika\" \/>\n\t<meta name=\"twitter:data1\" content=\"1 minuutti\" \/>\n<script type=\"application\/ld+json\" class=\"yoast-schema-graph\">{\"@context\":\"https:\/\/schema.org\",\"@graph\":[{\"@type\":\"WebPage\",\"@id\":\"https:\/\/sumuusvan.fi\/design\/tuote\/pieni-2-reikainen-kuksa\/\",\"url\":\"https:\/\/sumuusvan.fi\/design\/tuote\/pieni-2-reikainen-kuksa\/\",\"name\":\"Pieni 2-reik\u00e4inen kuksa - Sumu Usvan Design\",\"isPartOf\":{\"@id\":\"https:\/\/sumuusvan.fi\/design\/#website\"},\"datePublished\":\"2020-11-24T12:15:22+00:00\",\"dateModified\":\"2024-09-02T08:24:53+00:00\",\"breadcrumb\":{\"@id\":\"https:\/\/sumuusvan.fi\/design\/tuote\/pieni-2-reikainen-kuksa\/#breadcrumb\"},\"inLanguage\":\"fi\",\"potentialAction\":[{\"@type\":\"ReadAction\",\"target\":[\"https:\/\/sumuusvan.fi\/design\/tuote\/pieni-2-reikainen-kuksa\/\"]}]},{\"@type\":\"BreadcrumbList\",\"@id\":\"https:\/\/sumuusvan.fi\/design\/tuote\/pieni-2-reikainen-kuksa\/#breadcrumb\",\"itemListElement\":[{\"@type\":\"ListItem\",\"position\":1,\"name\":\"Home\",\"item\":\"https:\/\/sumuusvan.fi\/design\/\"},{\"@type\":\"ListItem\",\"position\":2,\"name\":\"Verkkokauppa\",\"item\":\"https:\/\/sumuusvan.fi\/design\/\"},{\"@type\":\"ListItem\",\"position\":3,\"name\":\"Pieni 2-reik\u00e4inen kuksa\"}]},{\"@type\":\"WebSite\",\"@id\":\"https:\/\/sumuusvan.fi\/design\/#website\",\"url\":\"https:\/\/sumuusvan.fi\/design\/\",\"name\":\"Sumu Usvan Design\",\"description\":\"Lappilaisia k\u00e4sit\u00f6it\u00e4\",\"potentialAction\":[{\"@type\":\"SearchAction\",\"target\":{\"@type\":\"EntryPoint\",\"urlTemplate\":\"https:\/\/sumuusvan.fi\/design\/?s={search_term_string}\"},\"query-input\":\"required name=search_term_string\"}],\"inLanguage\":\"fi\"}]}<\/script>\n<!-- \/ Yoast SEO plugin. -->","yoast_head_json":{"title":"Pieni 2-reik\u00e4inen kuksa - Sumu Usvan Design","robots":{"index":"index","follow":"follow","max-snippet":"max-snippet:-1","max-image-preview":"max-image-preview:large","max-video-preview":"max-video-preview:-1"},"canonical":"https:\/\/sumuusvan.fi\/design\/tuote\/pieni-2-reikainen-kuksa\/","og_locale":"fi_FI","og_type":"article","og_title":"Pieni 2-reik\u00e4inen kuksa - Sumu Usvan Design","og_url":"https:\/\/sumuusvan.fi\/design\/tuote\/pieni-2-reikainen-kuksa\/","og_site_name":"Sumu Usvan Design","article_modified_time":"2024-09-02T08:24:53+00:00","og_image":[{"width":1280,"height":1280,"url":"https:\/\/sumuusvan.fi\/design\/wp-content\/uploads\/sites\/2\/2020\/11\/Poronvasa.jpg2_.jpg","type":"image\/jpeg"}],"twitter_card":"summary_large_image","twitter_description":"[avaquote]","twitter_misc":{"Arvioitu lukuaika":"1 minuutti"},"schema":{"@context":"https:\/\/schema.org","@graph":[{"@type":"WebPage","@id":"https:\/\/sumuusvan.fi\/design\/tuote\/pieni-2-reikainen-kuksa\/","url":"https:\/\/sumuusvan.fi\/design\/tuote\/pieni-2-reikainen-kuksa\/","name":"Pieni 2-reik\u00e4inen kuksa - Sumu Usvan Design","isPartOf":{"@id":"https:\/\/sumuusvan.fi\/design\/#website"},"datePublished":"2020-11-24T12:15:22+00:00","dateModified":"2024-09-02T08:24:53+00:00","breadcrumb":{"@id":"https:\/\/sumuusvan.fi\/design\/tuote\/pieni-2-reikainen-kuksa\/#breadcrumb"},"inLanguage":"fi","potentialAction":[{"@type":"ReadAction","target":["https:\/\/sumuusvan.fi\/design\/tuote\/pieni-2-reikainen-kuksa\/"]}]},{"@type":"BreadcrumbList","@id":"https:\/\/sumuusvan.fi\/design\/tuote\/pieni-2-reikainen-kuksa\/#breadcrumb","itemListElement":[{"@type":"ListItem","position":1,"name":"Home","item":"https:\/\/sumuusvan.fi\/design\/"},{"@type":"ListItem","position":2,"name":"Verkkokauppa","item":"https:\/\/sumuusvan.fi\/design\/"},{"@type":"ListItem","position":3,"name":"Pieni 2-reik\u00e4inen kuksa"}]},{"@type":"WebSite","@id":"https:\/\/sumuusvan.fi\/design\/#website","url":"https:\/\/sumuusvan.fi\/design\/","name":"Sumu Usvan Design","description":"Lappilaisia k\u00e4sit\u00f6it\u00e4","potentialAction":[{"@type":"SearchAction","target":{"@type":"EntryPoint","urlTemplate":"https:\/\/sumuusvan.fi\/design\/?s={search_term_string}"},"query-input":"required name=search_term_string"}],"inLanguage":"fi"}]}},"_links":{"self":[{"href":"https:\/\/sumuusvan.fi\/design\/wp-json\/wp\/v2\/product\/1630"}],"collection":[{"href":"https:\/\/sumuusvan.fi\/design\/wp-json\/wp\/v2\/product"}],"about":[{"href":"https:\/\/sumuusvan.fi\/design\/wp-json\/wp\/v2\/types\/product"}],"replies":[{"embeddable":true,"href":"https:\/\/sumuusvan.fi\/design\/wp-json\/wp\/v2\/comments?post=1630"}],"wp:featuredmedia":[{"embeddable":true,"href":"https:\/\/sumuusvan.fi\/design\/wp-json\/wp\/v2\/media\/1631"}],"wp:attachment":[{"href":"https:\/\/sumuusvan.fi\/design\/wp-json\/wp\/v2\/media?parent=1630"}],"wp:term":[{"taxonomy":"product_cat","embeddable":true,"href":"https:\/\/sumuusvan.fi\/design\/wp-json\/wp\/v2\/product_cat?post=1630"},{"taxonomy":"product_tag","embeddable":true,"href":"https:\/\/sumuusvan.fi\/design\/wp-json\/wp\/v2\/product_tag?post=1630"}],"curies":[{"name":"wp","href":"https:\/\/api.w.org\/{rel}","templated":true}]}}